{"id":1453,"date":"2014-01-06T11:28:38","date_gmt":"2014-01-06T09:28:38","guid":{"rendered":"https:\/\/baraka.cc\/?page_id=1453"},"modified":"2016-08-14T13:35:40","modified_gmt":"2016-08-14T11:35:40","slug":"sloganlarimiz","status":"publish","type":"page","link":"https:\/\/baraka.cc\/?page_id=1453","title":{"rendered":"SLOGANLARIMIZ"},"content":{"rendered":"<p class=\"MsoNormal\" style=\"margin: 0cm 0cm 0pt;\"><span style=\"font-family: Verdana; font-size: 11pt;\"><strong>SLOGANLARIMIZ<\/strong><\/span><\/p>\n<p class=\"MsoNormal\" style=\"margin: 0cm 0cm 0pt;\"><span style=\"font-family: Verdana; font-size: 11pt;\">\u00a0\u00a0 \u00a0<\/span><\/p>\n<p class=\"MsoNormal\" style=\"margin: 0cm 0cm 0pt;\"><span style=\"font-family: Verdana; font-size: 11pt;\">Baraka K\u00fclt\u00fcr Merkezi, her eylem \u00f6ncesi kullan\u0131lacak sloganlar\u0131n\u0131 kolektif olarak belirler. Ancak temel sloganlar\u0131m\u0131z a\u015fa\u011f\u0131da g\u00f6r\u00fclebilir.<\/span><\/p>\n<p class=\"MsoNormal\" style=\"margin: 0cm 0cm 0pt;\"><span style=\"font-family: Verdana; font-size: 11pt;\">\u00a0<\/span><\/p>\n<p># Ba\u011f\u0131ms\u0131z K\u0131br\u0131s, B\u00fct\u00fcn Halklar Karde\u015ftir<\/p>\n<p class=\"MsoNormal\" style=\"margin: 0cm 0cm 0pt;\">\n<p>&nbsp;<\/p>\n<p class=\"MsoNormal\" style=\"margin: 0cm 0cm 0pt;\">\n<p># Her\u015fey Herkese Kendimize Hi\u00e7bir\u015fey<\/p>\n<p class=\"MsoNormal\" style=\"margin: 0cm 0cm 0pt;\">\n<p>&nbsp;<\/p>\n<p class=\"MsoNormal\" style=\"margin: 0cm 0cm 0pt;\">\n<p># Umutlar\u0131n Ku\u015fat\u0131lmas\u0131n Bu Abluka Da\u011f\u0131t\u0131lacak<\/p>\n<p class=\"MsoNormal\" style=\"margin: 0cm 0cm 0pt;\">\n<p>&nbsp;<\/p>\n<p class=\"MsoNormal\" style=\"margin: 0cm 0cm 0pt;\">\n<p># Bar\u0131\u015f Bizlerin Ellerindedir<\/p>\n<p class=\"MsoNormal\" style=\"margin: 0cm 0cm 0pt;\">\n<p class=\"MsoNormal\" style=\"margin: 0cm 0cm 0pt;\">\n<p># S\u00f6z Yetki Karar \u0130ktidar Halka<\/p>\n<p class=\"MsoNormal\" style=\"margin: 0cm 0cm 0pt;\">\n<p class=\"MsoNormal\" style=\"margin: 0cm 0cm 0pt;\">\n<p># Asimilasyona Hay\u0131r<\/p>\n<p class=\"MsoNormal\" style=\"margin: 0cm 0cm 0pt;\">\n<p>&nbsp;<\/p>\n<p class=\"MsoNormal\" style=\"margin: 0cm 0cm 0pt;\">\n<p># Vard\u0131k \u2013 Var\u0131z \u2013 Varolaca\u011f\u0131z \/ Direne Direne Kazanaca\u011f\u0131z<\/p>\n<p class=\"MsoNormal\" style=\"margin: 0cm 0cm 0pt;\">\n<p>&nbsp;<\/p>\n<p class=\"MsoNormal\" style=\"margin: 0cm 0cm 0pt;\">\n<p># Fa\u015fizme Kar\u015f\u0131 Omuz Omuza<\/p>\n<p class=\"MsoNormal\" style=\"margin: 0cm 0cm 0pt;\">\n<p>&nbsp;<\/p>\n<p class=\"MsoNormal\" style=\"margin: 0cm 0cm 0pt;\">\n<p># UBP Bizimle \u00c7ok \u0130\u015finiz Var<\/p>\n<p class=\"MsoNormal\" style=\"margin: 0cm 0cm 0pt;\">\n<p class=\"MsoNormal\" style=\"margin: 0cm 0cm 0pt;\">\n<p># Ertan \u00d6lmedi, Kavgam\u0131zda Ya\u015f\u0131yor<\/p>\n<p class=\"MsoNormal\" style=\"margin: 0cm 0cm 0pt;\">\n<p>&nbsp;<\/p>\n<p class=\"MsoNormal\" style=\"margin: 0cm 0cm 0pt;\">\n<p># Paras\u0131z E\u011fitim, Paras\u0131z Sa\u011fl\u0131k<\/p>\n<p class=\"MsoNormal\" style=\"margin: 0cm 0cm 0pt;\">\n<p>&nbsp;<\/p>\n<p class=\"MsoNormal\" style=\"margin: 0cm 0cm 0pt;\">\n<p># G\u00fcn Gelecek Devran D\u00f6necek Sermaye Halka Hesap Verecek<\/p>\n<p class=\"MsoNormal\" style=\"margin: 0cm 0cm 0pt;\">\n<p>&nbsp;<\/p>\n<p class=\"MsoNormal\" style=\"margin: 0cm 0cm 0pt;\">\n<p># Kurtulu\u015f Yok Tek Ba\u015f\u0131na Ya Hep Beraber Ya Hi\u00e7birimiz<\/p>\n<p class=\"MsoNormal\" style=\"margin: 0cm 0cm 0pt;\">\n<p class=\"MsoNormal\" style=\"margin: 0cm 0cm 0pt;\">\n<p># Fa\u015fizme \u00d6l\u00fcm, Tek Yol Devrim<\/p>\n<p class=\"MsoNormal\" style=\"margin: 0cm 0cm 0pt;\">\n<p class=\"MsoNormal\" style=\"margin: 0cm 0cm 0pt;\">\n<p># Fa\u015fizme \u0130nat Ya\u015fas\u0131n Hayat<\/p>\n<p class=\"MsoNormal\" style=\"margin: 0cm 0cm 0pt;\">\n<p class=\"MsoNormal\" style=\"margin: 0cm 0cm 0pt;\">\n<p># \u0130\u015f\u00e7iler Birlik Olsa, D\u00fcnya Yerinden Oynar<\/p>\n<p class=\"MsoNormal\" style=\"margin: 0cm 0cm 0pt;\">\n<p>&nbsp;<\/p>\n<p class=\"MsoNormal\" style=\"margin: 0cm 0cm 0pt;\">\n<p># Ba\u015fka Bir D\u00fcnya M\u00fcmk\u00fcn<\/p>\n<p class=\"MsoNormal\" style=\"margin: 0cm 0cm 0pt;\">\n<p>&nbsp;<\/p>\n<p class=\"MsoNormal\" style=\"margin: 0cm 0cm 0pt;\">\n<p># Gen\u00e7lik Gelecek, Gelecek Bizimle \u00d6zg\u00fcrle\u015fecek<\/p>\n<p class=\"MsoNormal\" style=\"margin: 0cm 0cm 0pt;\">\n<p>&nbsp;<\/p>\n<p class=\"MsoNormal\" style=\"margin: 0cm 0cm 0pt;\">\n<p># Mutfaktaki Tencere Kimin Umrunda \/ D\u00fcnyan\u0131n Y\u00fck\u00fc Benim S\u0131rt\u0131mda<\/p>\n<p class=\"MsoNormal\" style=\"margin: 0cm 0cm 0pt;\">\n<p class=\"MsoNormal\" style=\"margin: 0cm 0cm 0pt;\">\n<p># K\u0131br\u0131s\u2019ta Bar\u0131\u015f, Filistin\u2019de Hemen, Irak\u2019ta \u015eimdi, Bary\u015f Hemen \u015eimdi<\/p>\n<p class=\"MsoNormal\" style=\"margin: 0cm 0cm 0pt;\">\n<p class=\"MsoNormal\" style=\"margin: 0cm 0cm 0pt;\">\n<p># Susma Hayk\u0131r B\u00fct\u00fcn Halklar Karde\u015ftir<\/p>\n<p class=\"MsoNormal\" style=\"margin: 0cm 0cm 0pt;\">\n<p class=\"MsoNormal\" style=\"margin: 0cm 0cm 0pt;\">\n<p># Kurtulu\u015f Devrimde Sosyalizmde<\/p>\n<p class=\"MsoNormal\" style=\"margin: 0cm 0cm 0pt;\">\n<p class=\"MsoNormal\" style=\"margin: 0cm 0cm 0pt;\">\n<p># Ankara Elini Yakam\u0131zdan \u00c7ek (El\u00e7ilik, AKP)<\/p>\n<p class=\"MsoNormal\" style=\"margin: 0cm 0cm 0pt;\">\n<p>&nbsp;<\/p>\n<p class=\"MsoNormal\" style=\"margin: 0cm 0cm 0pt;\">\n<p># \u015eeriat\u00e7\u0131 AKP, \u0130\u015fbirlik\u00e7i UBP<\/p>\n<p class=\"MsoNormal\" style=\"margin: 0cm 0cm 0pt;\">\n<p>&nbsp;<\/p>\n<p class=\"MsoNormal\" style=\"margin: 0cm 0cm 0pt;\">\n<p># Ay\u0131ya Day\u0131 Demeyece\u011fiz<\/p>\n<p class=\"MsoNormal\" style=\"margin: 0cm 0cm 0pt;\">\n<p>&nbsp;<\/p>\n<p class=\"MsoNormal\" style=\"margin: 0cm 0cm 0pt;\">\n<p># UBP Sa\u011fl\u0131\u011fa Zararl\u0131d\u0131r<\/p>\n<p class=\"MsoNormal\" style=\"margin: 0cm 0cm 0pt;\">\n<p>&nbsp;<\/p>\n<p class=\"MsoNormal\" style=\"margin: 0cm 0cm 0pt;\">\n<p># Sermaye Defol, Bu \u00dclke Bu Halk Sat\u0131l\u0131k De\u011fil<\/p>\n<p class=\"MsoNormal\" style=\"margin: 0cm 0cm 0pt;\">\n<p>&nbsp;<\/p>\n<p class=\"MsoNormal\" style=\"margin: 0cm 0cm 0pt;\">\n<p># Out out out, British Bases Out<\/p>\n<p class=\"MsoNormal\" style=\"margin: 0cm 0cm 0pt;\">\n<p>&nbsp;<\/p>\n<p class=\"MsoNormal\" style=\"margin: 0cm 0cm 0pt;\">\n<p># \u00dcsler D\u0131\u015far\u0131<\/p>\n<p class=\"MsoNormal\" style=\"margin: 0cm 0cm 0pt;\">\n<p>&nbsp;<\/p>\n<p class=\"MsoNormal\" style=\"margin: 0cm 0cm 0pt;\">\n<p># Fuhu\u015f, mafya, kara para, bu abluka da\u011f\u0131t\u0131lacak<\/p>\n<p class=\"MsoNormal\" style=\"margin: 0cm 0cm 0pt;\">\n<p>&nbsp;<\/p>\n<p class=\"MsoNormal\" style=\"margin: 0cm 0cm 0pt;\">\n<p># \u015eiddete kar\u015f\u0131 ses \u00e7\u0131kar<\/p>\n<p class=\"MsoNormal\" style=\"margin: 0cm 0cm 0pt;\">\n<p>&nbsp;<\/p>\n<p class=\"MsoNormal\" style=\"margin: 0cm 0cm 0pt;\">\n<p>#\u00a0Tacize kar\u015f\u0131 ses \u00e7\u0131kar<\/p>\n<p class=\"MsoNormal\" style=\"margin: 0cm 0cm 0pt;\">\n<p>&nbsp;<\/p>\n<p class=\"MsoNormal\" style=\"margin: 0cm 0cm 0pt;\">\n<p>#\u00a0Erkek vuruyor, devlet koruyor<\/p>\n<p class=\"MsoNormal\" style=\"margin: 0cm 0cm 0pt;\">\n<p>&nbsp;<\/p>\n<p class=\"MsoNormal\" style=\"margin: 0cm 0cm 0pt;\">\n<p>#\u00a0Patron eziyor, devlet koruyor<\/p>\n<p class=\"MsoNormal\" style=\"margin: 0cm 0cm 0pt;\">\n<p>&nbsp;<\/p>\n<p class=\"MsoNormal\" style=\"margin: 0cm 0cm 0pt;\">\n<p>#\u00a0Gece kul\u00fcpleri kapat\u0131ls\u0131n<\/p>\n<p class=\"MsoNormal\" style=\"margin: 0cm 0cm 0pt;\">\n<p>&nbsp;<\/p>\n<p class=\"MsoNormal\" style=\"margin: 0cm 0cm 0pt;\">\n<p>#\u00a0Taciz her yerde, devlet nerede<\/p>\n<p class=\"MsoNormal\" style=\"margin: 0cm 0cm 0pt;\">\n<p>&nbsp;<\/p>\n<p class=\"MsoNormal\" style=\"margin: 0cm 0cm 0pt;\">\n<p>#\u00a0Ya\u015fas\u0131n kad\u0131n dayan\u0131\u015fmas\u0131<\/p>\n<p class=\"MsoNormal\" style=\"margin: 0cm 0cm 0pt;\">\n<p>&nbsp;<\/p>\n<p class=\"MsoNormal\" style=\"margin: 0cm 0cm 0pt;\">\n<p>#\u00a0K\u0131zl\u0131 erkekli y\u00fcr\u00fcyoruz, \u015fiddete kar\u015f\u0131 ses veriyoruz<\/p>\n<p class=\"MsoNormal\" style=\"margin: 0cm 0cm 0pt;\">\n<p>&nbsp;<\/p>\n<p class=\"MsoNormal\" style=\"margin: 0cm 0cm 0pt;\">\n<p>#\u00a0Ataerki isyan, emek s\u00f6m\u00fcr\u00fcs\u00fc isyan, dayak isyan, tecav\u00fcz isyan, isyan devrim \u00f6zg\u00fcrl\u00fck<\/p>\n<p class=\"MsoNormal\" style=\"margin: 0cm 0cm 0pt;\">\n<p>&nbsp;<\/p>\n<p class=\"MsoNormal\" style=\"margin: 0cm 0cm 0pt;\">\n<p>#\u00a0Dayak erkeklikse, bizler erkek de\u011filiz<\/p>\n<p class=\"MsoNormal\" style=\"margin: 0cm 0cm 0pt;\">\n<p>&nbsp;<\/p>\n<p class=\"MsoNormal\" style=\"margin: 0cm 0cm 0pt;\">\n<p>#\u00a0Taciz erkeklikse, bizler erkek de\u011filiz<\/p>\n<p class=\"MsoNormal\" style=\"margin: 0cm 0cm 0pt;\">\n<p>&nbsp;<\/p>\n<p class=\"MsoNormal\" style=\"margin: 0cm 0cm 0pt;\">\n<p>#\u00a0Gelsin baba, gelsin koca, gelsin devlet, gelsin patron, inad\u0131na isyan inad\u0131na \u00f6zg\u00fcrl\u00fck<\/p>\n<p class=\"MsoNormal\" style=\"margin: 0cm 0cm 0pt;\">\n<p>&nbsp;<\/p>\n<p class=\"MsoNormal\" style=\"margin: 0cm 0cm 0pt;\">\n<p>#\u00a0Kad\u0131nlar \u00f6zg\u00fcr olsa, d\u00fcnya yerinden oynar<\/p>\n<p class=\"MsoNormal\" style=\"margin: 0cm 0cm 0pt;\">\n<p>&nbsp;<\/p>\n<p class=\"MsoNormal\" style=\"margin: 0cm 0cm 0pt;\">\n<p>#\u00a0Erkek devlet istemiyoruz<\/p>\n<p class=\"MsoNormal\" style=\"margin: 0cm 0cm 0pt;\">\n<p>&nbsp;<\/p>\n<p class=\"MsoNormal\" style=\"margin: 0cm 0cm 0pt;\">\n<p>#\u00a0Devletin g\u00f6revi s\u0131\u011f\u0131nmaevi<\/p>\n<p class=\"MsoNormal\" style=\"margin: 0cm 0cm 0pt;\">\n<p>&nbsp;<\/p>\n<p class=\"MsoNormal\" style=\"margin: 0cm 0cm 0pt;\"><span style=\"font-family: Verdana; font-size: 11pt;\">\u00a0\u00a0 <\/span><\/p>\n<p><span style=\"font-family: Verdana; font-size: 11pt;\">\u00a0<\/span><\/p>\n","protected":false},"excerpt":{"rendered":"<p>SLOGANLARIMIZ \u00a0\u00a0 \u00a0 Baraka K\u00fclt\u00fcr Merkezi, her eylem \u00f6ncesi kullan\u0131lacak sloganlar\u0131n\u0131 kolektif olarak belirler. Ancak temel sloganlar\u0131m\u0131z a\u015fa\u011f\u0131da g\u00f6r\u00fclebilir. \u00a0 # Ba\u011f\u0131ms\u0131z K\u0131br\u0131s, B\u00fct\u00fcn Halklar<\/p>\n","protected":false},"author":1,"featured_media":0,"parent":0,"menu_order":0,"comment_status":"open","ping_status":"open","template":"","meta":{"jetpack_post_was_ever_published":false},"jetpack_shortlink":"https:\/\/wp.me\/P4eHWX-nr","jetpack_sharing_enabled":true,"_links":{"self":[{"href":"https:\/\/baraka.cc\/index.php?rest_route=\/wp\/v2\/pages\/1453"}],"collection":[{"href":"https:\/\/baraka.cc\/index.php?rest_route=\/wp\/v2\/pages"}],"about":[{"href":"https:\/\/baraka.cc\/index.php?rest_route=\/wp\/v2\/types\/page"}],"author":[{"embeddable":true,"href":"https:\/\/baraka.cc\/index.php?rest_route=\/wp\/v2\/users\/1"}],"replies":[{"embeddable":true,"href":"https:\/\/baraka.cc\/index.php?rest_route=%2Fwp%2Fv2%2Fcomments&post=1453"}],"version-history":[{"count":4,"href":"https:\/\/baraka.cc\/index.php?rest_route=\/wp\/v2\/pages\/1453\/revisions"}],"predecessor-version":[{"id":4350,"href":"https:\/\/baraka.cc\/index.php?rest_route=\/wp\/v2\/pages\/1453\/revisions\/4350"}],"wp:attachment":[{"href":"https:\/\/baraka.cc\/index.php?rest_route=%2Fwp%2Fv2%2Fmedia&parent=1453"}],"curies":[{"name":"wp","href":"https:\/\/api.w.org\/{rel}","templated":true}]}}