{"id":1518,"date":"2003-01-06T12:15:05","date_gmt":"2003-01-06T10:15:05","guid":{"rendered":"https:\/\/baraka.cc\/?page_id=1518"},"modified":"2015-03-20T16:01:19","modified_gmt":"2015-03-20T14:01:19","slug":"argasdi","status":"publish","type":"page","link":"https:\/\/baraka.cc\/?page_id=1518","title":{"rendered":"ARGASD\u0130"},"content":{"rendered":"<div style=\"text-align: center;\" align=\"left\"><\/div>\n<div style=\"text-align: center;\" align=\"left\"><em><span style=\"font-size: 10pt; line-height: 150%; font-family: Verdana;\">Argasdi, ehlile\u015ftirilemeyen bir ottur. <\/span><\/em><em><span style=\"font-size: 10pt; line-height: 150%; font-family: Verdana;\">Susuz, g\u00fcne\u015fsiz de kalsa, b\u0131kmadan usanmadan, <\/span><\/em><\/div>\n<p class=\"MsoBodyText\" style=\"margin: 0cm 0cm 0pt; line-height: 150%; text-align: center;\" align=\"left\"><em><span style=\"font-size: 10pt; line-height: 150%; font-family: Verdana;\">ba\u015fkalar\u0131n\u0131 b\u0131kt\u0131rmak pahas\u0131na inatla bitiveren bir ot!<\/span><\/em><\/p>\n<div style=\"text-align: center;\" align=\"left\"><em><span style=\"font-size: 10pt; line-height: 150%; font-family: Verdana;\">\u00a0\u00a0 <\/span><\/em><span style=\"font-size: 10pt; line-height: 150%; font-family: Verdana;\">\u00a0<\/span><\/div>\n<p class=\"MsoNormal\" style=\"margin: 0cm 3.6pt 0pt 0cm; line-height: 150%; text-align: justify;\" align=\"left\"><span style=\"font-size: 10pt; line-height: 150%; font-family: Verdana;\">Argasdi, Baraka K\u00fclt\u00fcr Merkezi\u2019nin kolektif olarak olu\u015fturdu\u011fu de\u011ferleri \u00e7er\u00e7evesinde, toplumu, d\u00fcnyay\u0131, politikay\u0131, sanat\u0131 ve k\u00fclt\u00fcr\u00fc kavray\u0131\u015f\u0131n\u0131 okurlar\u0131yla payla\u015fmak ve tart\u0131\u015fmak i\u00e7in bir ifade arac\u0131d\u0131r.<\/span><\/p>\n<div style=\"text-align: center;\" align=\"left\"><span style=\"font-size: 10pt; line-height: 150%; font-family: Verdana;\">\u00a0\u00a0 <\/span><span style=\"font-size: 10pt; line-height: 150%; font-family: Verdana;\">\u00a0<\/span><\/div>\n<p class=\"MsoNormal\" style=\"margin: 0cm 3.6pt 0pt 0cm; line-height: 150%; text-align: justify;\" align=\"left\"><span style=\"font-size: 10pt; line-height: 150%; font-family: Verdana;\">A\u00e7\u0131k s\u00f6ylemek gerekirse -ki gerekir- yazarlar\u0131, \u00e7izerleri ve muhabirleri <strong>tarafl\u0131d\u0131r<\/strong>. E\u015fitlik\u00e7i, \u00f6zg\u00fcrl\u00fck\u00e7\u00fc, cinsiyet\u00e7ilikten ve milliyet\u00e7ilikten uzak, ekolojist, anti-kapitalist taraftan yazarlar, \u00e7izerler.<\/span><\/p>\n<div style=\"text-align: center;\" align=\"left\"><span style=\"font-size: 10pt; line-height: 150%; font-family: Verdana;\">\u00a0\u00a0 <\/span><strong><span style=\"font-size: 10pt; line-height: 150%; font-family: Verdana;\">\u00a0<\/span><\/strong><\/div>\n<p class=\"MsoNormal\" style=\"margin: 0cm 3.6pt 0pt 0cm; line-height: 150%; text-align: justify;\" align=\"left\"><strong><span style=\"font-size: 10pt; line-height: 150%; font-family: Verdana;\">Argasdi\u2019de yer alan g\u00f6r\u00fc\u015fler, sadece yazar\u0131na de\u011fil Baraka K\u00fclt\u00fcr Merkezi\u2019ne de mal edilebilir.<\/span><\/strong><\/p>\n<div style=\"text-align: center;\" align=\"left\"><strong><span style=\"font-size: 10pt; line-height: 150%; font-family: Verdana;\">\u00a0\u00a0 <\/span><\/strong><span style=\"font-size: 10pt; line-height: 150%; font-family: Verdana;\">\u00a0<\/span><\/div>\n<p class=\"MsoNormal\" style=\"margin: 0cm 3.6pt 0pt 0cm; line-height: 150%; text-align: justify;\" align=\"left\"><span style=\"font-size: 10pt; line-height: 150%; font-family: Verdana;\">Argasdi, yazarlar\u0131 ve okurlar\u0131 taraf\u0131ndan ya\u015fat\u0131lmay\u0131 ilke edinir, hi\u00e7bir \u00f6zel \u015firket veya vak\u0131f taraf\u0131ndan parasal veya manevi olarak desteklenmez, <strong>fon, reklam almaz<\/strong>.<\/span><\/p>\n<div style=\"text-align: center;\" align=\"left\"><span style=\"font-size: 10pt; line-height: 150%; font-family: Verdana;\">\u00a0\u00a0 <\/span><span style=\"font-size: 10pt; line-height: 150%; font-family: Verdana;\">\u00a0<\/span><\/div>\n<p class=\"MsoNormal\" style=\"margin: 0cm 3.6pt 0pt 0cm; line-height: 150%; text-align: justify;\" align=\"left\"><span style=\"font-size: 10pt; line-height: 150%; font-family: Verdana;\">G\u00f6nl\u00fcm\u00fcz Argasdi\u2019nin bele\u015f olmas\u0131ndan yanad\u0131r. Ancak \u00fc\u00e7 ayl\u0131k ne\u015friyat\u0131m\u0131z\u0131n devam\u0131n\u0131 getirebilmek i\u00e7in <strong>Okur Katk\u0131s\u0131<\/strong> olarak belli bir miktarda para almak durumunda kalmaktay\u0131z.<\/span><\/p>\n<div style=\"text-align: center;\" align=\"left\"><span style=\"font-size: 10pt; line-height: 150%; font-family: Verdana;\">\u00a0\u00a0 <\/span><span style=\"font-size: 10pt; line-height: 150%; font-family: Verdana;\">\u00a0<\/span><\/div>\n<p class=\"MsoNormal\" style=\"margin: 0cm 3.6pt 0pt 0cm; line-height: 150%; text-align: justify;\" align=\"left\"><span style=\"font-size: 10pt; line-height: 150%; font-family: Verdana;\">Argasdi, okurlar\u0131n\u0131n ele\u015ftiri ve katk\u0131lar\u0131n\u0131 tart\u0131\u015fmaya, kendini ve okurlar\u0131n\u0131 daha iyiye, daha g\u00fczele do\u011fru evriltmeye a\u00e7\u0131kt\u0131r. Hatta buna bay\u0131l\u0131r\u2026<\/span><\/p>\n<div style=\"text-align: center;\" align=\"left\"><span style=\"font-size: 10pt; line-height: 150%; font-family: Verdana;\">\u00a0\u00a0 <\/span><span style=\"font-size: 10pt; line-height: 150%; font-family: Verdana;\">\u00a0<\/span><\/div>\n<p class=\"MsoNormal\" style=\"margin: 0cm 3.6pt 0pt 0cm; line-height: 150%; text-align: justify;\" align=\"left\"><span style=\"font-size: 10pt; line-height: 150%; font-family: Verdana;\">Argasdi Hammaliye Kurulu\u2019na <a href=\"mailto:argasdi@yahoo.com\"><span style=\"text-decoration: underline;\">argasdi2006@gmail.com<\/span><\/a> adresinden ula\u015fabilirsiniz.<\/span><\/p>\n<div style=\"text-align: center;\" align=\"left\"><span style=\"font-size: 10pt; line-height: 150%; font-family: Verdana;\">\u00a0\u00a0 <\/span><\/div>\n<div style=\"text-align: center;\"><a href=\"https:\/\/www.baraka.cc\/images\/stories\/argasdi_1.JPG\" target=\"_blank\"><img decoding=\"async\" loading=\"lazy\" title=\" Argasdi Hammaliye Kurulu Toplantyda\" alt=\" Argasdi Hammaliye Kurulu Toplantyda\" src=\"https:\/\/www.baraka.cc\/images\/stories\/argasdi_1.JPG\" width=\"200\" height=\"150\" border=\"2\" \/><\/a>\u00a0<a href=\"https:\/\/www.baraka.cc\/images\/stories\/argasdi_2.JPG\" target=\"_blank\"><img decoding=\"async\" loading=\"lazy\" title=\"Sayfa d\u00fczeni syrasynda\" alt=\"Sayfa d\u00fczeni syrasynda\" src=\"https:\/\/www.baraka.cc\/images\/stories\/argasdi_2.JPG\" width=\"200\" height=\"150\" border=\"2\" \/><\/a><\/div>\n<div style=\"text-align: center;\"><a href=\"https:\/\/www.baraka.cc\/images\/stories\/argasdi_3.JPG\" target=\"_blank\"><img decoding=\"async\" loading=\"lazy\" title=\"Dergi saty?y\" alt=\"Dergi saty?y\" src=\"https:\/\/www.baraka.cc\/images\/stories\/argasdi_3.JPG\" width=\"200\" height=\"150\" border=\"2\" \/><\/a><\/div>\n","protected":false},"excerpt":{"rendered":"<p>Argasdi, ehlile\u015ftirilemeyen bir ottur. Susuz, g\u00fcne\u015fsiz de kalsa, b\u0131kmadan usanmadan, ba\u015fkalar\u0131n\u0131 b\u0131kt\u0131rmak pahas\u0131na inatla bitiveren bir ot! \u00a0\u00a0 \u00a0 Argasdi, Baraka K\u00fclt\u00fcr Merkezi\u2019nin kolektif olarak<\/p>\n","protected":false},"author":1,"featured_media":0,"parent":0,"menu_order":0,"comment_status":"open","ping_status":"open","template":"","meta":{"jetpack_post_was_ever_published":false},"jetpack_shortlink":"https:\/\/wp.me\/P4eHWX-ou","jetpack_sharing_enabled":true,"_links":{"self":[{"href":"https:\/\/baraka.cc\/index.php?rest_route=\/wp\/v2\/pages\/1518"}],"collection":[{"href":"https:\/\/baraka.cc\/index.php?rest_route=\/wp\/v2\/pages"}],"about":[{"href":"https:\/\/baraka.cc\/index.php?rest_route=\/wp\/v2\/types\/page"}],"author":[{"embeddable":true,"href":"https:\/\/baraka.cc\/index.php?rest_route=\/wp\/v2\/users\/1"}],"replies":[{"embeddable":true,"href":"https:\/\/baraka.cc\/index.php?rest_route=%2Fwp%2Fv2%2Fcomments&post=1518"}],"version-history":[{"count":2,"href":"https:\/\/baraka.cc\/index.php?rest_route=\/wp\/v2\/pages\/1518\/revisions"}],"predecessor-version":[{"id":2772,"href":"https:\/\/baraka.cc\/index.php?rest_route=\/wp\/v2\/pages\/1518\/revisions\/2772"}],"wp:attachment":[{"href":"https:\/\/baraka.cc\/index.php?rest_route=%2Fwp%2Fv2%2Fmedia&parent=1518"}],"curies":[{"name":"wp","href":"https:\/\/api.w.org\/{rel}","templated":true}]}}