{"id":508,"date":"2013-10-04T10:08:39","date_gmt":"2013-10-04T10:08:39","guid":{"rendered":"https:\/\/baraka.cc\/?page_id=508"},"modified":"2013-10-04T10:18:44","modified_gmt":"2013-10-04T10:18:44","slug":"organizasyon","status":"publish","type":"page","link":"https:\/\/baraka.cc\/?page_id=508","title":{"rendered":"ORGAN\u0130ZASYON"},"content":{"rendered":"<p><strong><span style=\"font-size: medium;\">\u00a0\u00a0\u00a0\u00a0\u00a0\u00a0\u00a0\u00a0\u00a0\u00a0\u00a0\u00a0\u00a0\u00a0\u00a0\u00a0\u00a0 <\/span><\/strong><span style=\"font-size: medium;\">\u00a0<\/span><\/p>\n<p><span style=\"font-size: medium;\">Baraka K\u00fclt\u00fcr Merkezi belli prensipler \u00e7er\u00e7evesinde bir araya gelmi\u015f olan insanlar taraf\u0131ndan kuruldu. Ancak bu prensipler yaz\u0131l\u0131 prensipler de\u011fil, daha \u00e7ok ge\u00e7mi\u015f prati\u011fin biriktirdi\u011fi s\u00f6zl\u00fc ili\u015fkilerden olu\u015fan bir b\u00fct\u00fcnd\u00fc. Baraka ya\u015fayan bir mekan haline gelmeye ba\u015flay\u0131p, koro, tiyatro ve film g\u00f6sterimleri ile \u00fcretim i\u00e7erisine de girince; hem yeni kat\u0131lan arkada\u015flar a\u00e7\u0131s\u0131ndan hem de Baraka\u2019n\u0131n b\u00fct\u00fcn\u00fc a\u00e7\u0131s\u0131ndan <strong>\u201cili\u015fkilerimizin yaz\u0131l\u0131 bir tarifi\u201d<\/strong> ihtiya\u00e7 haline gelmeye ba\u015flad\u0131. Baraka K\u00fclt\u00fcr Merkezi kendini tarif etti\u011fi ve yeniden olu\u015fturdu\u011fu bu s\u00fcrece ORGAN\u0130ZASYON ismini verdi ve Ocak 2004\u2019ten ba\u015flayarak Cuma toplant\u0131lar\u0131nda, toplumu, d\u00fcnyay\u0131, do\u011fay\u0131 konu\u015ftu\u011fu kadar kendini de konu\u015fmaya ba\u015flad\u0131. Organizasyon s\u00fcrecini 3 par\u00e7adan olu\u015fan bir b\u00fct\u00fcn olarak tarif ettik;\u00a0 <\/span><\/p>\n<p><span style=\"font-size: medium;\">\u00a0\u00a0\u00a0\u00a0\u00a0\u00a0\u00a0\u00a0\u00a0\u00a0\u00a0\u00a0\u00a0\u00a0\u00a0\u00a0\u00a0\u00a0\u00a0\u00a0\u00a0\u00a0\u00a0\u00a0\u00a0\u00a0\u00a0\u00a0\u00a0\u00a0\u00a0 <\/span><\/p>\n<p><span style=\"font-size: medium;\">(1) De\u011ferler\u00a0 <\/span><\/p>\n<p><span style=\"font-size: medium;\">\u00a0\u00a0\u00a0\u00a0\u00a0\u00a0\u00a0\u00a0\u00a0\u00a0\u00a0\u00a0\u00a0\u00a0\u00a0 <\/span><\/p>\n<p><span style=\"font-size: medium;\">(2) \u00c7al\u0131\u015fma Tarz\u0131 ve\u00a0 <\/span><\/p>\n<p><span style=\"font-size: medium;\">\u00a0\u00a0\u00a0\u00a0\u00a0\u00a0\u00a0\u00a0\u00a0\u00a0\u00a0\u00a0\u00a0\u00a0\u00a0\u00a0\u00a0 <\/span><\/p>\n<p><span style=\"font-size: medium;\">(3) Etkinlikler<\/span><\/p>\n<p><span style=\"font-size: medium;\">\u00a0\u00a0\u00a0\u00a0\u00a0\u00a0\u00a0\u00a0\u00a0\u00a0\u00a0\u00a0\u00a0\u00a0\u00a0\u00a0\u00a0\u00a0\u00a0 \u00a0<\/span><\/p>\n<p><span style=\"font-size: medium;\">Bu s\u00fcre\u00e7te zaten uygulamakta oldu\u011fumuz ilkeleri yaz\u0131l\u0131 hale getirirken, hep beraber tart\u0131\u015ft\u0131k, yeniden \u015fekillendirdik, yenilerini ekledik veya baz\u0131 eski uygulamalar\u0131m\u0131zdan vazge\u00e7tik. Baz\u0131 ili\u015fkilere verdi\u011fimiz isimleri de\u011fi\u015ftirdik ve kendi kavramlar\u0131m\u0131z\u0131 yaratarak bunlar\u0131 kullanmaya ba\u015flad\u0131k. Mesela \u201cde\u011ferler\u201d ba\u015fl\u0131\u011f\u0131nda yapt\u0131\u011f\u0131m\u0131z tart\u0131\u015fmalarda \u201cbayan, \u00e7evre\u201d gibi kelimelerin kullan\u0131lmamas\u0131na ve \u201ckad\u0131n, ekoloji\u201d gibi\u00a0 kelimelerin kullan\u0131lmas\u0131na hep beraber karar verdik ve bunlar\u0131 yaz\u0131l\u0131 hale getirdik. Veya bizzat \u201chedefler\u201d diye ba\u015flayan s\u00fcrecin ismini belli bir a\u015famada de\u011fi\u015ftirerek \u201cde\u011ferler\u201d dedik ve bunun nedenlerini yaz\u0131l\u0131 olarak da ortaya koyduk. <strong>S\u00fcre\u00e7 \u015f\u00f6yle \u00e7al\u0131\u015fmaktad\u0131r:<\/strong> \u00d6ncelikle ya\u015fam i\u00e7inde bizim i\u00e7in anlaml\u0131 olan, \u00fcretmek, tart\u0131\u015fmak ve toplumu, ya\u015fam\u0131, do\u011fay\u0131 ama en ba\u015fta da kendi hayatlar\u0131m\u0131z\u0131 ve K\u0131br\u0131s\u2019\u0131 d\u00f6n\u00fc\u015ft\u00fcrmek istedi\u011fimiz ba\u015fl\u0131klara \u201cDE\u011fER\u201d dedik. Bu de\u011ferler toplant\u0131lar\u0131m\u0131za kat\u0131lan herkes taraf\u0131ndan \u00f6nerildi, bir de\u011ferler listesi olu\u015fturuldu ve bu listedeki her bir kelime haftalarca s\u00fcren toplant\u0131lar sonucunda tart\u0131\u015f\u0131l\u0131p yaz\u0131l\u0131 hale getirildi. Bu de\u011ferlere yeni de\u011ferlerin eklenebilece\u011fine, var olan de\u011ferlerin yeniden tarif edilebilece\u011fine ve baz\u0131 de\u011ferlerin zaman i\u00e7inde \u00e7\u0131kar\u0131labilece\u011fine dair ortakla\u015fm\u0131\u015f bir bak\u0131\u015f\u0131m\u0131z var. Yani Baraka aktivistleri tart\u0131\u015farak ORGAN\u0130ZASYON s\u00fcrecinde yarat\u0131lm\u0131\u015f her \u015feyi de\u011fi\u015ftirebilir, yenileyebilir veya iptal edebilirler. De\u011ferlerimizi belli bir a\u015famaya getirdikten sonra, onlara ilerde geri d\u00f6nmek \u00fczere, \u00c7al\u0131\u015fma Tarz\u0131m\u0131z\u0131 konu\u015fmaya ba\u015flad\u0131k. Bu ba\u015fl\u0131k alt\u0131nda (1)\u00d6ncelikli Diyalog \u00d6znesi\u00a0(2)\u00d6rg\u00fctlenme\u00a0(3)Karar Mekanizmas\u0131\u00a0(4)D\u0131\u015f \u0130li\u015fkiler\u00a0(5)Yay\u0131n\u00a0(6)Mali Yap\u0131 konular\u0131n\u0131 yaz\u0131l\u0131 hale getirdik. <\/span><\/p>\n<p><span style=\"font-size: medium;\">\u00a0\u00a0\u00a0\u00a0\u00a0\u00a0\u00a0\u00a0\u00a0\u00a0\u00a0\u00a0\u00a0\u00a0\u00a0\u00a0\u00a0\u00a0\u00a0\u00a0\u00a0\u00a0\u00a0\u00a0\u00a0\u00a0\u00a0\u00a0\u00a0\u00a0\u00a0\u00a0 <\/span><\/p>\n<p><span style=\"font-size: medium;\">\u015fu ana kadar konu\u015ftu\u011fumuz ve karara vard\u0131\u011f\u0131m\u0131z her \u015fey bu sayfada g\u00f6r\u00fclebilmektedir. Etkinlikler ise; hen\u00fcz ayr\u0131nt\u0131l\u0131 olarak konu\u015fulmam\u0131\u015f olsalar da halen devam etmektedir. Bu etkinliklerin her biri onun i\u00e7inde bulunan aktivistlerce belli bir anlama gelmek \u00fczere sahiplenilmekte ve as\u0131l anlam\u0131n\u0131 burada bulmaktad\u0131r. Baraka\u2019n\u0131n b\u00fct\u00fcn\u00fc i\u00e7in sahip olduklar\u0131 anlam tart\u0131\u015f\u0131l\u0131p belirlenerek Organizasyonumuza yaz\u0131lacak, b\u00f6ylece \u00fczerinde tekrar tekrar tart\u0131\u015f\u0131p \u015fekillendirebilece\u011fimiz, yapt\u0131klar\u0131m\u0131z ile yazd\u0131klar\u0131m\u0131z\u0131 kar\u015f\u0131la\u015ft\u0131r\u0131p kendimizi s\u0131nayabilece\u011fimiz bir metnimiz olacakt\u0131r.<\/span><\/p>\n<p><span style=\"font-size: medium;\">\u00a0\u00a0\u00a0\u00a0\u00a0\u00a0\u00a0\u00a0\u00a0\u00a0\u00a0\u00a0\u00a0\u00a0\u00a0\u00a0\u00a0\u00a0\u00a0\u00a0\u00a0\u00a0\u00a0\u00a0\u00a0 \u00a0<\/span><\/p>\n<p><span style=\"font-size: medium;\">Yakla\u015f\u0131k 6 y\u0131ld\u0131r s\u00fcrmekte olan Organizasyon tart\u0131\u015fmalar\u0131, Baraka\u2019n\u0131n kendini sorgulamas\u0131na, Baraka aktivistlerinin kendini geli\u015ftirmesine ve gerek ki\u015filer gerekse de ki\u015filerle kurum aras\u0131 ili\u015fkilerin sa\u011fl\u0131kl\u0131 bir zemine oturmas\u0131na hizmet etmektedir.<\/span><\/p>\n<p><span style=\"font-size: medium;\">\u00a0\u00a0\u00a0\u00a0\u00a0\u00a0\u00a0\u00a0\u00a0\u00a0\u00a0\u00a0\u00a0\u00a0 <\/span><\/p>\n<p><span style=\"font-size: medium;\">(1) <a href=\"https:\/\/baraka.cc\/?page_id=525\"><strong>De\u011ferler<\/strong><\/a><\/span><\/p>\n<p><span style=\"font-size: medium;\">\u00a0\u00a0\u00a0\u00a0\u00a0\u00a0\u00a0\u00a0 \u00a0<\/span><\/p>\n<p><span style=\"font-size: medium;\">(2) <a href=\"https:\/\/www.baraka.cc\/down\/o_calisma.doc\" target=\"_blank\">\u00c7al\u0131\u015fma Tarz\u0131<\/a><\/span><\/p>\n","protected":false},"excerpt":{"rendered":"<p>\u00a0\u00a0\u00a0\u00a0\u00a0\u00a0\u00a0\u00a0\u00a0\u00a0\u00a0\u00a0\u00a0\u00a0\u00a0\u00a0\u00a0 \u00a0 Baraka K\u00fclt\u00fcr Merkezi belli prensipler \u00e7er\u00e7evesinde bir araya gelmi\u015f olan insanlar taraf\u0131ndan kuruldu. Ancak bu prensipler yaz\u0131l\u0131 prensipler de\u011fil, daha \u00e7ok ge\u00e7mi\u015f prati\u011fin<\/p>\n","protected":false},"author":1,"featured_media":0,"parent":503,"menu_order":0,"comment_status":"open","ping_status":"open","template":"","meta":{"jetpack_post_was_ever_published":false},"jetpack_shortlink":"https:\/\/wp.me\/P4eHWX-8c","jetpack_sharing_enabled":true,"_links":{"self":[{"href":"https:\/\/baraka.cc\/index.php?rest_route=\/wp\/v2\/pages\/508"}],"collection":[{"href":"https:\/\/baraka.cc\/index.php?rest_route=\/wp\/v2\/pages"}],"about":[{"href":"https:\/\/baraka.cc\/index.php?rest_route=\/wp\/v2\/types\/page"}],"author":[{"embeddable":true,"href":"https:\/\/baraka.cc\/index.php?rest_route=\/wp\/v2\/users\/1"}],"replies":[{"embeddable":true,"href":"https:\/\/baraka.cc\/index.php?rest_route=%2Fwp%2Fv2%2Fcomments&post=508"}],"version-history":[{"count":4,"href":"https:\/\/baraka.cc\/index.php?rest_route=\/wp\/v2\/pages\/508\/revisions"}],"predecessor-version":[{"id":530,"href":"https:\/\/baraka.cc\/index.php?rest_route=\/wp\/v2\/pages\/508\/revisions\/530"}],"up":[{"embeddable":true,"href":"https:\/\/baraka.cc\/index.php?rest_route=\/wp\/v2\/pages\/503"}],"wp:attachment":[{"href":"https:\/\/baraka.cc\/index.php?rest_route=%2Fwp%2Fv2%2Fmedia&parent=508"}],"curies":[{"name":"wp","href":"https:\/\/api.w.org\/{rel}","templated":true}]}}