{"id":510,"date":"2013-10-04T10:09:03","date_gmt":"2013-10-04T10:09:03","guid":{"rendered":"https:\/\/baraka.cc\/?page_id=510"},"modified":"2015-08-11T07:25:24","modified_gmt":"2015-08-11T05:25:24","slug":"mali-yapi","status":"publish","type":"page","link":"https:\/\/baraka.cc\/?page_id=510","title":{"rendered":"MAL\u0130 YAPI"},"content":{"rendered":"<p>Mali Yap\u0131 Baraka K\u00fclt\u00fcr Merkezi\u2019nin faaliyetleri hi\u00e7bir d\u0131\u015f destek olmaks\u0131z\u0131n tamamen ba\u011f\u0131\u015f, aidat, dergi sat\u0131\u015f\u0131 ve b\u00fcfe gelirlerinden finanse edilmektedir. Adidatlar, aidat \u00f6demek i\u00e7in g\u00f6n\u00fcll\u00fc olan ki\u015filerin kendilerinin belirledikleri miktar\u0131 her ay \u00f6demesinden olu\u015fur. Baraka\u2019n\u0131n faaliyetlerine kat\u0131lmak i\u00e7in \u00fcye olmak gibi bir zorunluluk olmad\u0131\u011f\u0131 gibi, aidat vermek gibi bir zorunluluk da yoktur. Ayr\u0131ca Baraka K\u00fclt\u00fcr Merkezi fonlaman\u0131n her t\u00fcrl\u00fcs\u00fcne kar\u015f\u0131d\u0131r. Bizce Demokratik Kitle \u00d6rg\u00fctlerinin fonlanmas\u0131, neo-liberal politikalar\u0131n yayg\u0131nla\u015ft\u0131r\u0131lmas\u0131 s\u0131ras\u0131nda devletin g\u00f6revlerinin a\u015f\u0131nd\u0131r\u0131lmas\u0131 maksad\u0131yla bilin\u00e7li olarak uygulanmaktad\u0131r. \u0130lerici ve ayd\u0131nlar fonlanan ve fonlama yolu ile radikalizminden ar\u0131nd\u0131r\u0131lan \u00f6rg\u00fctlerde toparlanarak, neo-liberalizme kar\u015f\u0131 m\u00fccadeleden geri b\u0131rak\u0131lmaktad\u0131r. B\u00f6ylece fonlama arac\u0131l\u0131\u011f\u0131 ile bir bitkinin s\u00fcrg\u00fcnlerinin kesilmesi gibi bir toplumun ilericileri de toplumsal m\u00fccadeleden ayr\u0131 d\u00fc\u015fmektedirler. Halk ile diyalo\u011fa dayal\u0131, halk\u0131n ya\u015fad\u0131\u011f\u0131 maddi s\u0131k\u0131nt\u0131lar\u0131n benzerlerini ya\u015fayarak \u015fekillenen \u00f6rg\u00fctlenmelerin; hem halktan kopmayan ve kendisini sadece halka kar\u015f\u0131 sorumlu hisseden yap\u0131lar olaca\u011f\u0131n\u0131 hem de maddi olarak halk taraf\u0131ndan desteklenip \u015fekillendirilmeye a\u00e7\u0131k olduklar\u0131 i\u00e7in halk taraf\u0131ndan daha \u00e7ok sahiplenilece\u011fini d\u00fc\u015f\u00fcn\u00fcyoruz.Mali durumumuz tamemen \u015feffaf olup K\u0131br\u0131s T\u00fcrk Kooperatif Merkez Bankas\u0131ndaki hesab\u0131m\u0131z ilgilenen herkesin incelemesine a\u00e7\u0131kt\u0131r. Ayr\u0131ca gelir ve giderlerimizi listeledi\u011fimiz \u00e7izelge belli aral\u0131klarla g\u00fcncellenip dernek panosunda sergilenmektedir.<\/p>\n<p><a href=\"https:\/\/baraka.cc\/?cat=68\">Gelir Gider \u00c7izelgeleri<\/a><\/p>\n","protected":false},"excerpt":{"rendered":"<p>Mali Yap\u0131 Baraka K\u00fclt\u00fcr Merkezi\u2019nin faaliyetleri hi\u00e7bir d\u0131\u015f destek olmaks\u0131z\u0131n tamamen ba\u011f\u0131\u015f, aidat, dergi sat\u0131\u015f\u0131 ve b\u00fcfe gelirlerinden finanse edilmektedir. Adidatlar, aidat \u00f6demek i\u00e7in g\u00f6n\u00fcll\u00fc<\/p>\n","protected":false},"author":1,"featured_media":0,"parent":503,"menu_order":0,"comment_status":"open","ping_status":"open","template":"","meta":{"jetpack_post_was_ever_published":false},"jetpack_shortlink":"https:\/\/wp.me\/P4eHWX-8e","jetpack_sharing_enabled":true,"_links":{"self":[{"href":"https:\/\/baraka.cc\/index.php?rest_route=\/wp\/v2\/pages\/510"}],"collection":[{"href":"https:\/\/baraka.cc\/index.php?rest_route=\/wp\/v2\/pages"}],"about":[{"href":"https:\/\/baraka.cc\/index.php?rest_route=\/wp\/v2\/types\/page"}],"author":[{"embeddable":true,"href":"https:\/\/baraka.cc\/index.php?rest_route=\/wp\/v2\/users\/1"}],"replies":[{"embeddable":true,"href":"https:\/\/baraka.cc\/index.php?rest_route=%2Fwp%2Fv2%2Fcomments&post=510"}],"version-history":[{"count":5,"href":"https:\/\/baraka.cc\/index.php?rest_route=\/wp\/v2\/pages\/510\/revisions"}],"predecessor-version":[{"id":3361,"href":"https:\/\/baraka.cc\/index.php?rest_route=\/wp\/v2\/pages\/510\/revisions\/3361"}],"up":[{"embeddable":true,"href":"https:\/\/baraka.cc\/index.php?rest_route=\/wp\/v2\/pages\/503"}],"wp:attachment":[{"href":"https:\/\/baraka.cc\/index.php?rest_route=%2Fwp%2Fv2%2Fmedia&parent=510"}],"curies":[{"name":"wp","href":"https:\/\/api.w.org\/{rel}","templated":true}]}}