{"id":512,"date":"2013-10-04T10:09:45","date_gmt":"2013-10-04T10:09:45","guid":{"rendered":"https:\/\/baraka.cc\/?page_id=512"},"modified":"2013-10-04T10:09:45","modified_gmt":"2013-10-04T10:09:45","slug":"cuma-toplantilari","status":"publish","type":"page","link":"https:\/\/baraka.cc\/?page_id=512","title":{"rendered":"CUMA TOPLANTILARI"},"content":{"rendered":"<p>Cuma Toplant\u0131lar\u0131 Cuma Toplant\u0131lar\u0131, t\u00fcm aktivistlerin \u00f6nem verdikleri konularda faaliyet organize etmeleri, di\u011fer aktivistlerle olan insani ili\u015fkilerini derinle\u015ftirmeleri, pratik faaliyetlerin deneyimlerini tart\u0131\u015fmalar\u0131 ve somut kararlar alarak uygulamalar\u0131 i\u015flevlerini g\u00f6r\u00fcrler. Yeni insanlar\u0131n barakaya ilk kez kat\u0131l\u0131mlar\u0131 Cuma Toplant\u0131lar\u0131 \u00fczerinden olmamal\u0131d\u0131r. Cuma Toplant\u0131lar\u0131 \u00e7al\u0131\u015fma gruplar\u0131nda kendini ispatlam\u0131\u015f ki\u015filerin Baraka\u2019n\u0131n b\u00fct\u00fcn\u00fc ile ilgili de duyarl\u0131l\u0131k geli\u015ftirmeye ba\u015flamalar\u0131 oran\u0131nda kat\u0131ld\u0131klar\u0131 bir yer olmal\u0131d\u0131r. (Tabii ki kat\u0131lmak isteyen herkes Cuma Toplant\u0131lar\u0131na kat\u0131labilir. Bu sadece aktivistlerin davet etmemesi, \u00f6rg\u00fctleme ili\u015fkisinin sa\u011fl\u0131kl\u0131 kurulabilmesi i\u00e7in \u00e7al\u0131\u015fma gruplar\u0131ndan ba\u011flanmas\u0131 gerekti\u011fini ifade eden bir c\u00fcmledir.)Baraka\u2019n\u0131n genel do\u011frultusu, de\u011fer, etkinlik ve \u00e7al\u0131\u015fma tarz\u0131n\u0131n b\u00fct\u00fcn olarak konu\u015fuldu\u011fu yer Cuma Toplant\u0131lar\u0131d\u0131r. Cuma Toplant\u0131lar\u0131 hemfikir olma ilkesi ile \u00e7al\u0131\u015f\u0131r. Cuma toplant\u0131lar\u0131na HERKES kat\u0131labilir. Cuma Toplant\u0131lar\u0131nda herkes fikrini s\u00f6yleyebilir ve genel olarak Baraka\u2019n\u0131n karar\u0131 olacak olan karar\u0131 belirlemek i\u00e7in tart\u0131\u015fabilir.Kararlar BARAKA\u2019ya GENEL OLARAK SAH\u0130P \u00e7\u0131kan herkes taraf\u0131ndan onaylanmak suretiyle al\u0131n\u0131r. Baraka\u2019ya genel olarak sahip \u00e7\u0131kan tek bir ki\u015fi dahi itiraz etti\u011fi takdirde s\u00f6z konusu karar al\u0131namaz. Baraka\u2019ya Genel Olarak Sahip \u00c7\u0131kan \u0130nsanlara KADRO denir.<\/p>\n","protected":false},"excerpt":{"rendered":"<p>Cuma Toplant\u0131lar\u0131 Cuma Toplant\u0131lar\u0131, t\u00fcm aktivistlerin \u00f6nem verdikleri konularda faaliyet organize etmeleri, di\u011fer aktivistlerle olan insani ili\u015fkilerini derinle\u015ftirmeleri, pratik faaliyetlerin deneyimlerini tart\u0131\u015fmalar\u0131 ve somut kararlar<\/p>\n","protected":false},"author":1,"featured_media":0,"parent":503,"menu_order":0,"comment_status":"open","ping_status":"open","template":"","meta":{"jetpack_post_was_ever_published":false},"jetpack_shortlink":"https:\/\/wp.me\/P4eHWX-8g","jetpack_sharing_enabled":true,"_links":{"self":[{"href":"https:\/\/baraka.cc\/index.php?rest_route=\/wp\/v2\/pages\/512"}],"collection":[{"href":"https:\/\/baraka.cc\/index.php?rest_route=\/wp\/v2\/pages"}],"about":[{"href":"https:\/\/baraka.cc\/index.php?rest_route=\/wp\/v2\/types\/page"}],"author":[{"embeddable":true,"href":"https:\/\/baraka.cc\/index.php?rest_route=\/wp\/v2\/users\/1"}],"replies":[{"embeddable":true,"href":"https:\/\/baraka.cc\/index.php?rest_route=%2Fwp%2Fv2%2Fcomments&post=512"}],"version-history":[{"count":0,"href":"https:\/\/baraka.cc\/index.php?rest_route=\/wp\/v2\/pages\/512\/revisions"}],"up":[{"embeddable":true,"href":"https:\/\/baraka.cc\/index.php?rest_route=\/wp\/v2\/pages\/503"}],"wp:attachment":[{"href":"https:\/\/baraka.cc\/index.php?rest_route=%2Fwp%2Fv2%2Fmedia&parent=512"}],"curies":[{"name":"wp","href":"https:\/\/api.w.org\/{rel}","templated":true}]}}