{"id":513,"date":"2013-10-04T10:10:51","date_gmt":"2013-10-04T10:10:51","guid":{"rendered":"https:\/\/baraka.cc\/?page_id=513"},"modified":"2025-04-25T07:56:49","modified_gmt":"2025-04-25T05:56:49","slug":"tuzuk","status":"publish","type":"page","link":"https:\/\/baraka.cc\/?page_id=513","title":{"rendered":"T\u00dcZ\u00dcK"},"content":{"rendered":"<p>T\u00dcZ\u00dcK 2025<\/p>\n<p>Baraka K\u00fclt\u00fcr Merkezi, kuruldu\u011fu tarihten itibaren bir prensip edinmi\u015ftir: Devletin resmi organlar\u0131 ile ya\u015fanacak herhangi bir z\u0131tla\u015fman\u0131n, tarihine, mekan\u0131na ve \u015fekline biz karar verece\u011fiz. Onlar\u0131n bizi haz\u0131rl\u0131ks\u0131z oldu\u011fumuz veya istemedi\u011fimiz bir noktada s\u0131k\u0131\u015ft\u0131rmas\u0131na izin vermeyece\u011fiz. Bu prensipten hareketle Baraka, her t\u00fcrl\u00fc resmi i\u015flemini Dernekler Yasas\u0131&#8217;na uygun olarak, yerinde ve zaman\u0131nda yapar. Bununla birlikte derneke\u015fme ile ilgili yasal mevzuat\u0131n daha demokratik olmas\u0131 i\u00e7in m\u00fccadele eder.<\/p>\n<p>Derne\u011fimizin Lefko\u015fa Kaymakaml\u0131\u011f\u0131&#8217;nda tescil kayd\u0131, onayl\u0131 bir t\u00fcz\u00fc\u011f\u00fc, her y\u0131l Kamakaml\u0131\u011fa ve \u015feffaf olarak kamuoyuna sunulan Faaliyet ve Mali Raporlar\u0131 ve d\u00fczenli olarak ger\u00e7ekle\u015fen genel kurullar\u0131 vard\u0131r. \u0130lk 20 y\u0131l\u0131m\u0131zda t\u00fcm bunlar\u0131 \u015feklen yapmakta ve kendi organizasyon yap\u0131m\u0131z\u0131, devrimci bir k\u00fclt\u00fcr merkezinin ihtiya\u00e7lar\u0131na g\u00f6re kurgulamaktayd\u0131k.<\/p>\n<p>Son y\u0131llarda ise k\u00fclt\u00fcrel alandaki m\u00fccadelenin g\u00fcncel ihtiya\u00e7lar\u0131n\u0131 de\u011ferlendirerek, \u00fcyelerimiz taraf\u0131ndan demokratik yollarla se\u00e7ilen ve 2 y\u0131l g\u00f6rev yapan Y\u00f6netim, Disiplin ve Denetleme kurullar\u0131m\u0131z aktif hale getirilmi\u015ftir. Bu y\u00f6ntem de\u011fi\u015fikli\u011fi, resmi T\u00fcz\u00fc\u011f\u00fcm\u00fczde de baz\u0131 d\u00fczenlemeler yap\u0131lmas\u0131n\u0131 gerektirmi\u015f; 2025 Ocak ay\u0131ndaki Genel Kurulumuzda T\u00fcz\u00fc\u011f\u00fcm\u00fcz tadil edilmi\u015f ve resmi makamlarca da onaylanm\u0131\u015ft\u0131r.<\/p>\n<p><strong><a href=\"https:\/\/baraka.cc\/wp-content\/uploads\/2025\/04\/baraka-yeni-tuzuk-1.pdf\" target=\"_blank\" rel=\"noopener\">T\u00fcz\u00fck i\u00e7in t\u0131klay\u0131n\u0131z&#8230;<\/a><\/strong><\/p>\n","protected":false},"excerpt":{"rendered":"<p>T\u00dcZ\u00dcK 2025 Baraka K\u00fclt\u00fcr Merkezi, kuruldu\u011fu tarihten itibaren bir prensip edinmi\u015ftir: Devletin resmi organlar\u0131 ile ya\u015fanacak herhangi bir z\u0131tla\u015fman\u0131n, tarihine, mekan\u0131na ve \u015fekline biz karar<\/p>\n","protected":false},"author":1,"featured_media":0,"parent":503,"menu_order":0,"comment_status":"open","ping_status":"open","template":"","meta":{"jetpack_post_was_ever_published":false},"jetpack_shortlink":"https:\/\/wp.me\/P4eHWX-8h","jetpack_sharing_enabled":true,"_links":{"self":[{"href":"https:\/\/baraka.cc\/index.php?rest_route=\/wp\/v2\/pages\/513"}],"collection":[{"href":"https:\/\/baraka.cc\/index.php?rest_route=\/wp\/v2\/pages"}],"about":[{"href":"https:\/\/baraka.cc\/index.php?rest_route=\/wp\/v2\/types\/page"}],"author":[{"embeddable":true,"href":"https:\/\/baraka.cc\/index.php?rest_route=\/wp\/v2\/users\/1"}],"replies":[{"embeddable":true,"href":"https:\/\/baraka.cc\/index.php?rest_route=%2Fwp%2Fv2%2Fcomments&post=513"}],"version-history":[{"count":2,"href":"https:\/\/baraka.cc\/index.php?rest_route=\/wp\/v2\/pages\/513\/revisions"}],"predecessor-version":[{"id":11023,"href":"https:\/\/baraka.cc\/index.php?rest_route=\/wp\/v2\/pages\/513\/revisions\/11023"}],"up":[{"embeddable":true,"href":"https:\/\/baraka.cc\/index.php?rest_route=\/wp\/v2\/pages\/503"}],"wp:attachment":[{"href":"https:\/\/baraka.cc\/index.php?rest_route=%2Fwp%2Fv2%2Fmedia&parent=513"}],"curies":[{"name":"wp","href":"https:\/\/api.w.org\/{rel}","templated":true}]}}